ppose -6*z + 76 = -h. What is the units digit of z?
5
Suppose 12*b = 37*b - 15900. What is the tens digit of b?
3
Suppose 106 = 2*t + 3*o, 0*t + 4*t - 4*o - 192 = 0. Let x = t - 17. What is the tens digit of x?
3
Suppose -4*s - 5*f = -4512, -31*s + 33*s - 2262 = -4*f. What is the tens digit of s?
2
Suppose 17*w - u - 48 = 16*w, -52 = -w - u. What is the tens digit of w?
5
Let u be ((-24)/(-20))/((-9)/(-60)). What is the tens digit of u/(-28) - 615/(-21)?
2
Let y(m) = m**3 - 18*m**2 + 3*m - 2. Let a be y(16). Let i = 674 + a. What is the hundreds digit of i?
2
Let j be ((-25)/(-15))/((-5)/(-12)). Suppose -28 + 84 = w. Suppose j*d = 2*d + w. What is the tens digit of d?
2
Let l = 37 - 170. Let s = l + 234. What is the hundreds digit of s?
1
Let k = -24 - -22. What is the units digit of 1/k*-82*(4 - 3)?
1
Suppose 4*b - 4375 = 3*m, 0 = -4*b - 2*m + 3*m + 4373. What is the units digit of b?
3
Let i(m) = -m**3 + 6*m**2 + 10*m - 14. Let g be i(7). Suppose -3*q + 36 = -g*q. Let p(u) = -4*u - 5. What is the units digit of p(q)?
1
Let f be 4/6 + (-28)/6. Let y be (-16)/(-40) - (-78)/5. Let b = y + f. What is the tens digit of b?
1
Suppose 14*s - 9*s - 2080 = 0. Let y = -282 + s. What is the units digit of y?
4
Suppose -21*u + 17*u + 5*p + 658 = 0, 3*p = 5*u - 829. What is the hundreds digit of u?
1
Suppose -2*u + 17 = -263. Suppose -31 = -3*y + u. Suppose -6*p = -y - 51. What is the tens digit of p?
1
Let p = -208 - -228. Let a = 18 + -10. Let x = p - a. What is the tens digit of x?
1
Suppose 2*d + t = 2390, -19*d + 18*d - 4*t = -1181. What is the units digit of d?
7
Let z(d) = -143*d + 193. What is the tens digit of z(-4)?
6
Suppose i - 5413 = -3*o, 0 = 102*i - 106*i + 5*o + 21584. What is the units digit of i?
1
Let y(s) = -2*s**3 - 3*s**2 - 2*s + 1. Let v = 29 - 54. Let p = 23 + v. What is the units digit of y(p)?
9
Let v(s) = s**3 + 5*s**2 - s - 4. Let i be v(-6). Let m = 20 - i. Suppose -4*p + 4*k = -92, 3 = 3*p + k - m. What is the units digit of p?
0
What is the units digit of 2889 - (-1 - (12 + -12))?
0
Suppose 0 = -a - 6 + 2. Let i(g) = -2*g**3 + g**2 - g + 1. What is the tens digit of i(a)?
4
Let a(r) = 5*r - 13*r + 7*r + 42*r**3 + r**2. What is the tens digit of a(1)?
4
Suppose 4*m - 2*m + 3*s = -2, -16 = -4*m + 4*s. Let y be ((-1 + m)*3)/1. Suppose -y*l + 46 = 7. What is the tens digit of l?
1
Suppose -15 + 7 = 4*s, s + 3224 = 2*d. What is the tens digit of d?
1
Suppose 4*r + 4 = 0, -19*r - 983 = -u - 15*r. What is the units digit of u?
9
Let m(y) = 5*y**2 - 8. Let o(n) = -12*n - n**2 + 1 + 12*n. Let x(u) = -m(u) - 6*o(u). What is the units digit of x(-4)?
8
Let f = -37 + 189. Suppose 0 = 2*r - 2*c - 328, r + 3*c - c - f = 0. What is the hundreds digit of r?
1
Suppose -26 - 10 = -4*s. Let c be (-2 + 1)*3/(6/(-8)). Suppose -s - 11 = -c*o. What is the units digit of o?
5
Let d be (-145)/(-45) + 4/(-18). Suppose 30 + 21 = 5*j + 3*g, d*g = 5*j - 69. What is the tens digit of j?
1
Let r(u) = -u**3 + u**2 - u + 26. Suppose -5*q + 3*q = -24. Let m = -12 + q. What is the tens digit of r(m)?
2
Let c be (9/(-36))/((-1)/12). Let w(z) = z**2 - 1. Let n be w(-2). Suppose -6 = c*g - 3, n*o - 79 = -2*g. What is the units digit of o?
7
Suppose 0*q = -q + 1. Suppose -g + 3 = q. Let l = g - -38. What is the units digit of l?
0
Let u be 16/(-9) - (-20)/(-90). Let a be 4 - (u - 136/(-4)). What is the tens digit of (-8)/a - 299/(-7)?
4
Suppose 0 = -4*p + 2 + 10. Suppose o - p = -6, -3*b + 9 = -o. Suppose 2*k - 8 = -g, 2 + 6 = 2*k + b*g. What is the units digit of k?
4
Let y(r) = 394*r - 316. What is the tens digit of y(4)?
6
Let q(r) = r**2 - 11*r - 9. Suppose 2*h + 13 = 19. Suppose 48 = k + h*k. What is the units digit of q(k)?
3
Suppose 3*c = 8*c - 15. Suppose -4*z + 3*r + 43 = 0, 5*z + c*r - 2*r - 49 = 0. What is the units digit of (12/z)/((-8)/(-20))?
3
Let i(t) be the third derivative of 0*t - 1/120*t**6 + 0 - 9*t**2 - 4/15*t**5 - 1/8*t**4 - 10/3*t**3. What is the tens digit of i(-16)?
2
Suppose -4*b = -n - 4, 3*n - 20 = -3*b - b. Let q be (-27)/(-6) - 2/4. Suppose 0 = 2*d - n, q*m - 12 = d + 114. What is the tens digit of m?
3
Let j be 9/(2 + 28/(-12)). Suppose 0 = -w - 2*d + 60, 3*d + 109 = 2*w - 4. Let c = w + j. What is the tens digit of c?
3
Suppose 0 = 36*s - 2*s - 196418. What is the tens digit of s?
7
Suppose 2*l + 22 = 62. Suppose 5*y - l = 15. What is the units digit of y?
7
Suppose -923 = -3*u - j + 2*j, 2*u + 3*j = 619. Suppose 5*f = 4*b - 409, -5*f = -3*b - f + u. What is the tens digit of b?
9
What is the hundreds digit of (499992/(-1162))/(2/(-7))?
5
Let x be -7*(2 - 4)*4. Let z = 27 + x. What is the tens digit of z?
8
Let b = -15 - -20. Suppose 7*f + 2 = b*f. What is the tens digit of 1 + (-22)/(-1 + f)?
1
Let a(o) = 7*o**2 - 3. Let r(q) = -q**2 + q + 1. Let i(v) = a(v) + 4*r(v). Let m be i(-4). What is the tens digit of (-4)/12*3 + m?
3
Suppose 0 = -3*w - 12, -h - 2*w + 292 = -0*h. Suppose -11*g + 6*g + h = 0. What is the units digit of g?
0
Let j(g) be the third derivative of -g**6/120 - 7*g**5/60 + g**4/6 - 4*g**3/3 - 39*g**2. What is the hundreds digit of j(-9)?
1
Suppose -3*j + s + 334 = 2*s, 0 = -4*j - 5*s + 449. Suppose 4*z + 39 = j. What is the tens digit of z?
1
Let d(u) be the first derivative of u**4/4 + 3*u**3 - 3*u**2/2 + 13*u - 24. What is the units digit of d(-6)?
9
Suppose -2*h = -2*u + 8, -h + u + 6 = -2*u. Let p(v) = -v**3 - 29*v**2 - 30*v - 52. Let t be p(-28). What is the units digit of (-565)/h - t/(-18)?
3
Let g(i) = i**3 - 4*i**2 - 3*i + 2. Let r be g(4). Let m = -10 - r. What is the units digit of 4/16*m + 22?
2
Suppose 0 = -2*t + 4*l + 600, 2*t + 5*l = -2*t + 1161. Suppose 10*q - 8*q = t. What is the hundreds digit of q?
1
Let q be 1 - -2 - (-7 - -5). Suppose 2*v - 58 = q*c, -69 = -4*v - 5*c + 47. Let s = -17 + v. What is the tens digit of s?
1
Let o = -18 + 6. Let y = 28 + o. Suppose 5*t - 49 = y. What is the units digit of t?
3
What is the units digit of 2/16 + (-270272)/(-512)?
8
Let c = 1547 - 1077. What is the hundreds digit of c?
4
Suppose 2*d + 24934 = 16*d. What is the units digit of d?
1
Let r be (-4 + 33/9)*-12. What is the tens digit of 186/r + (-16)/(-32)?
4
Let i(r) = -r**3 + 5*r**2 - 5*r + 2. Let s be i(4). Let f(t) = 15*t**3 + 3*t**2 + 3*t + 3. Let a be f(s). Let d = a - -155. What is the tens digit of d?
4
Let w(x) = 2*x - 7. Let l be w(5). Let p(m) = -5 - l*m - 6 + 4. What is the units digit of p(-4)?
5
Let b = 2437 - 71. What is the thousands digit of b?
2
Let z = 31 - 18. Let w = z + -4. What is the tens digit of 3 + w/2*2?
1
Let f(i) = -26*i**3 - 2*i**2 - 12*i - 49. What is the tens digit of f(-4)?
3
Let a be ((-20)/25)/((-4)/(-20)). Let s(j) be the first derivative of -j**2 - 1. What is the units digit of s(a)?
8
Let r(l) = -6*l + 1. Let y be r(-7). Suppose n = -5*v + 14, 3*v + 1 = 5*n + y. What is the tens digit of ((-4)/5)/(n/105)?
1
What is the units digit of (5 - -13)/(-3)*49/(-2)?
7
Let m(k) = 4*k**3 + k**2 + 3*k - 2. What is the tens digit of m(2)?
4
Suppose t - 202 - 257 = 0. What is the hundreds digit of t?
4
Suppose 0 = 6*w - 661 - 893. What is the hundreds digit of w?
2
Let f(y) = y**3 + 9*y**2 + 9*y + 14. Let h be f(-8). Suppose 0 = 10*v - 4*v - h. What is the units digit of v?
1
Let r = 378 - 269. What is the tens digit of r?
0
Let p(r) = 4*r - 5. Let i = 7 - -1. What is the tens digit of p(i)?
2
Let k(j) = 3*j**2 + 5*j - 3. Let d(w) = -w**2 + w - 1. Let l(c) = -3*d(c) + k(c). Let h be (-1)/2 + 6/(-4). What is the tens digit of l(h)?
2
What is the units digit of ((-4)/(-3))/(6/1341)?
8
Suppose -40*a + 36*a + 1132 = 0. What is the units digit of a?
3
Suppose 36*n - 13610 = -794. What is the hundreds digit of n?
3
Let p be (-679)/(-28) - 1/(-4)*-1. What is the tens digit of 1/(-6) - (-916)/p?
3
Let j be 42/(-3) + 2 + -2. Let w = j - 38. What is the tens digit of (-152)/(-10) - w/65?
1
Let b(a) = 239*a**2 + a + 2. Let u be b(-1). Suppose 8*i - 11*i + u = 0. What is the tens digit of i?
8
Let t = 28 + 16. Suppose 16 = -5*m - t. What is the tens digit of ((-174)/m)/(1/2)?
2
Let z(p) = -p**2 + 11*p - 27. Let o be z(8). What is the tens digit of ((-3 - -264) + o)*(-2)/(-6)?
8
Suppose s - 155 = 2*y + 222, -5*s = -5*y - 1895. What is the tens digit of s?
8
Let h(u) = 2*u**2 - 1. Let j(l) 